hat are the prime factors of y?
241
What are the prime factors of (-4)/(((-4)/1230)/((-2616)/(-72)))?
2, 5, 41, 109
Let h be ((-4)/(-4))/((-3)/(-15)). Suppose p + 3 = 2*p - z, -h*p = 2*z - 15. Suppose -1 = p*r - 262. List the prime factors of r.
3, 29
Suppose 0 = -4*b + 4*p + 8, -4*b - b = 4*p - 1. Suppose 2*a + b = 7. Suppose -j = -a*l + 359, -5*j + 181 = 2*l - 30. What are the prime factors of l?
2, 59
Let c = 2019 + 6505. What are the prime factors of c?
2, 2131
Suppose -y + 78 = 8. Suppose l = -7 + y. List the prime factors of (-4)/6*2*l/(-14).
2, 3
Suppose -614 = 4*j - x, -3*j + j = x + 304. Let z be (18/(-10) - -1)*(-5)/(-1). List the prime factors of z + (0 - -3) - (-2 + j).
2, 7, 11
Suppose 16*n + 21223 - 153631 = -12248. What are the prime factors of n?
2, 5, 751
Let z(s) be the third derivative of -31*s**7/1680 - s**6/30 - s**5/6 + 4*s**2. Let o(j) be the third derivative of z(j). What are the prime factors of o(-3)?
3, 5, 17
Let j = -4228 - -6530. Suppose 5*s + 2*o = 3826, 3*s + 6*o - j = 8*o. What are the prime factors of s?
2, 383
Let t = 94 - 105. Let u = t - -151. Suppose -u = -14*j + 728. List the prime factors of j.
2, 31
Let l(c) = 546*c**3 + 14*c**2 - 63*c + 31. List the prime factors of l(5).
2, 3, 5693
Suppose -149*s + 147*s + 4 = 0. Suppose 442 = u - s*w, -9*w = -4*u - 13*w + 1804. List the prime factors of u.
2, 7
Suppose 0 = 14*r - 42071 - 20033. What are the prime factors of r?
2, 1109
What are the prime factors of 58315/2 + 4/(-12)*(-27)/18?
2, 61, 239
Suppose -3*d - 8 = -5*h + 6, d = -4*h + 18. Suppose h*r = -u + 4, -3*u + 13 = 3*r - 17. Suppose 0*a + 2*a - u = 0. What are the prime factors of a?
2, 3
Let i(j) = 203*j**2 - 639*j + 48. What are the prime factors of i(11)?
2, 59, 149
Let z be (-2 + 1)*0*(-2)/12. Let o(r) = -2*r + z*r - 584 + 612 + 3*r**2. List the prime factors of o(4).
2, 17
Let l be (3*(-10)/(-24))/(14/56). What are the prime factors of 0 + 333 + -7 + 1 + l?
2, 83
Let o be 4/(-3) + (-182151)/(-27). Suppose 0 = 13*p + 557 - o. What are the prime factors of p?
2, 7, 17
Suppose 0 = -2*b + 2*a - 6, 4*b - 3*a + 3 + 7 = 0. Let n = b - 4. Let w = 11 - n. List the prime factors of w.
2
Let h = -269 - -479. Suppose -3*y + 4*s + 652 = 0, h = 3*y - 2*y - 5*s. Suppose 0*f - 4*f = -y. What are the prime factors of f?
5, 11
Suppose 37*q - 36*q = 10. Suppose -q*w = -736 - 1604. List the prime factors of w.
2, 3, 13
What are the prime factors of ((-135408)/(-2170))/(3/2740)?
2, 13, 137
Suppose 5*t - 8 + 1 = -p, -6 = -3*t. Let y be (-1)/(4/(-16)) - p. Suppose -y*w = 48 - 328. What are the prime factors of w?
2, 5
Suppose 116 = 3*l - 32*l. Let i = 302 - l. What are the prime factors of i?
2, 3, 17
Suppose 7*r + 1019 = -6933. Let n = 1731 + r. Suppose 206 + n = 9*q. What are the prime factors of q?
89
Let s(k) = k**3 - 9*k**2 + 8*k - 13. Let z be s(10). Let d = z - -18. Let n = d + -95. List the prime factors of n.
2, 3, 5
Suppose -15*l + 52 = -2*l. Suppose 2*h = 5*k + 238 + 299, 0 = l*h - 2*k - 1050. List the prime factors of h.
3, 29
Let j(s) = -4606*s - 9782. What are the prime factors of j(-14)?
2, 3, 1013
Let n(h) = 32*h - 14. Let v be n(-1). Let c = 505 - v. What are the prime factors of c?
19, 29
Let s = -293 + 800. Suppose -3*a + c + c + s = 0, -3*a + 504 = -c. Suppose -o - 4*p + 2*p = -a, -4*o + 4*p = -620. What are the prime factors of o?
3, 53
Suppose 0 = -5*v + 4*k + 50379, 2*v - 10*k + 7*k = 20153. What are the prime factors of v?
5, 13, 31
Suppose o + 3*o + 20 = 0, 983 = 2*v + 5*o. Let k = -334 + v. Let j = k + -115. List the prime factors of j.
5, 11
Suppose -2*c = 12*y - 8*y - 18788, 3*y - 14096 = c. Suppose y = 160*l - 154*l. List the prime factors of l.
3, 29
Let i(d) be the second derivative of d**4 + 2*d**3/3 - 11*d**2/2 + 124*d + 2. List the prime factors of i(8).
3, 263
Let t(o) = 12*o**3 - 4*o**2 - 22*o + 65. What are the prime factors of t(7)?
3, 1277
Let f(o) = 9*o - 32. Let u be f(6). Suppose -u*x + 17*x = -3725. What are the prime factors of x?
5, 149
Let j = 11621 + -3323. List the prime factors of j.
2, 3, 461
Let u = -347 + 93. Let x = u - -473. List the prime factors of x.
3, 73
What are the prime factors of 48/6 - (2/(-8) + (-841596)/16)?
2, 3, 137
Let j be 4*(42/(-56))/((-9)/(-6)). Let d(s) be the second derivative of -3*s**5/20 + s**2 - s. What are the prime factors of d(j)?
2, 13
Let f be (4 - 5)/((-1)/(6/1)). Let p be (-15)/(-10)*(1 + 2/f). Suppose 0*n + p*n = -w + 1, 4*n + 4 = 0. What are the prime factors of w?
3
Let g be 5/(5/4) - -32. Suppose -41*k + g*k + 15 = 0. Suppose 5*v - 1042 + 134 = -k*f, -f - 4 = 0. List the prime factors of v.
2, 23
Suppose 2*t + 692 = -8*k + 3*k, -5*k = -3*t + 687. Let w = -6 - k. List the prime factors of w.
2, 3, 11
Let n = 31264 - 20347. Suppose n = 12*j - 4107. Suppose -j + 413 = -5*p + 4*v, 2*v + 2 = 0. List the prime factors of p.
167
Let i(j) = 2*j**2 - 12*j + 5. Suppose 30 = -4*q + q. Let l be i(q). Let o = l - 212. What are the prime factors of o?
113
Suppose -3*f + 6 - 9 = 4*c, 0 = 3*f - 9. Let a be 2/c + (-100)/(-15). Suppose -a*m + 268 = -596. What are the prime factors of m?
2, 3
Let u = -122 + 127. Suppose -u*j - 21 = 5*n + 9, -2*j + 5*n + 16 = 0. What are the prime factors of (-3 - 2) + (-402)/j?
2, 7
Let h(m) = 7*m**3 + 18*m**3 - 2 - 193*m + 196*m + 0*m**3. List the prime factors of h(1).
2, 13
Let c(i) = -8*i + 203. Suppose 6*x - 4*x + 6 = 0, -4*v + 13 = 5*x. List the prime factors of c(v).
3, 7
Suppose 3384000 = -z + 95*z. What are the prime factors of z?
2, 3, 5
Suppose -12*h = -0*h - 60. Suppose -3*o - 1 = 5*v - 5, -h*v = 2*o - 1. Suppose 5*b - 170 = -5*i, -4*b + o*i = 47 - 162. List the prime factors of b.
31
Suppose -298*s + 302*s - 3*o = -77, -s - o - 28 = 0. Let c(j) = -8*j**2 + 5. Let z be c(4). Let n = s - z. List the prime factors of n.
2, 5
Let w be 20*(-1989)/(-136)*4/(-3). Let g = 782 - w. List the prime factors of g.
2, 293
Let g = 20 + -13. Suppose g*f = -f + 560. Let k = 135 - f. What are the prime factors of k?
5, 13
Let l(w) = -w**3 + 54*w**2 - 244*w + 122. List the prime factors of l(41).
11971
Let t = 1 - -24. Suppose 0 = 29*p - t*p - 116. Suppose -810 = p*n - 34*n. What are the prime factors of n?
2, 3
Let b(h) = 261*h**3 - 4*h**2 + 31. List the prime factors of b(3).
2, 7, 503
Suppose -3 = -129*s + 128*s. Suppose v = -s*q + 1011, -2*v = 5*q - 1647 - 37. What are the prime factors of q?
2, 13
Suppose 350*v + 69062 = 352*v. List the prime factors of v.
7, 4933
Let y = 14 - 12. Suppose -14 = 5*k - 2*j, 3*k + 2*k + y*j + 26 = 0. List the prime factors of 225/(4 + 10/k).
2, 3, 5
Let q = -3434 - -9271. What are the prime factors of q?
13, 449
Suppose -242*f = 562*f - 104*f - 20533100. List the prime factors of f.
29333
Let b = -10425 - -15562. List the prime factors of b.
11, 467
Let f be (-22)/(-10) + 3/(-15). Suppose 4*w - 1434 = -2*j, 5*j + w - 3574 = f*w. What are the prime factors of j?
5, 11, 13
Let m(p) = 6*p + 331. Let b = 497 + -517. List the prime factors of m(b).
211
Let b(p) = -p**3 + 18*p**2 + 55*p. Let c be b(20). Suppose -550 = -10*s + c. What are the prime factors of s?
5, 17
Let w be (-81)/(-3) + -5 + 7. Let v = 29 - w. Suppose v = 2*q - 0*q - 30. What are the prime factors of q?
3, 5
Let t(x) = x**3 + 7*x**2 - 18*x + 7. Let q be t(-9). Suppose 0 = -5*u + 2*g + 977, -10*u + 2*g = -q*u - 583. Let f = u - 110. What are the prime factors of f?
3, 29
Suppose 0 = 4*h - 7 - 13. Suppose 2*y + 34 = -2*i, h*y + 103 = i - 0*i. Let q = 116 + y. List the prime factors of q.
2, 3
Let b be (3 - 1) + (-3)/3 + 10. Suppose l = 2*k - 477, k + b - 237 = -2*l. What are the prime factors of 2/5 - k/(-10)?
2, 3
Let n be 528/((-5)/(3 - -2)). List the prime factors of (16/(-1) + 14)*(n - 1).
2, 23
Let t(u) = u**3 - 9*u**2 - 5*u - 17. Let h be t(8). Let m be (-8 - -119)*(0 + 2). Let q = m + h. List the prime factors of q.
101
Let d = 2 + 2. Let c(n) = 6*n + 3*n**2 - 8 - 10 - 14 - n**3 + 28. List the prime factors of c(d).
2
Let f = 90 + -50. Suppose 0 = 5*r - 55 - f. Suppose d - r = -4. What are the prime factors of d?
3, 5
Let d(u) = 207*u + 14. Let g = 12 - 9. Let w be d(g). Suppose 3*n + 3*r = 381, 0*n + 5*n - w = 2*r. List the prime factors of n.
127
Suppose 29*i - 2031420 + 44110 = 3*i. What are the prime factors of i